 5*l. What is the greatest common factor of 72 and u?
8
Let j = 210 - 347. Let d = j + 122. Let a(x) = -2*x + 4. Let k be a(d). What is the highest common factor of 51 and k?
17
Let w(u) = 33*u. Let x be w(1). Let k = -64 - -57. Let g be 1/(80/(-12) - k). What is the greatest common factor of g and x?
3
Let m(g) be the third derivative of 5*g**4/6 + g**3/6 - 12*g**2. Let q be m(1). Let f be (-14)/q*(-12 - 0). What is the highest common divisor of 24 and f?
8
Let r be (961 - (-2 + 2)) + (-3 - -1). Suppose 5*s = r + 226. Suppose z = 2*t - s, -5*t + 517 + 80 = -4*z. What is the greatest common factor of t and 13?
13
Suppose 0 = 59*i - 56*i + 828. Let j = i + 352. What is the highest common divisor of j and 133?
19
Suppose 224 = 2*b + 192. Suppose 0*a + 4*a + b = -5*u, 20 = 4*a - 4*u. Calculate the greatest common factor of 9 and a.
1
Let q = -1 - -1. Let i(z) = 7 + 6*z + q*z**2 + 1 + z**2. Let r be i(-12). What is the highest common factor of 10 and r?
10
Let u be (5/(-3))/5*-72. Let q be ((-50)/(-15))/((-5)/(-180)). What is the highest common divisor of q and u?
24
Suppose -60 = 7*j - 67. Let f = 15 - 10. Suppose -f*n - 5 = -2*p, -p + 8 - j = -n. What is the greatest common divisor of p and 110?
10
Let a = 148870 - 148838. Let o be ((-48)/10)/(-3)*30. Calculate the greatest common divisor of a and o.
16
Suppose -8*b + 62 + 242 = 0. Let q(c) = -13*c**2 - 6*c**2 + 3*c**2 + 2*c + b + c**3 - 4*c. Let n be q(16). What is the highest common divisor of n and 54?
6
Suppose -w - 99 = -97. Let h be 40 - ((-6)/3 - (w - 4)). Suppose -24 = -3*p + 3*t, -t + 43 = 5*p - 3*t. Calculate the highest common divisor of h and p.
9
Suppose -17*h = -1057 - 4859. Suppose n - 44 = -4*i - n, 0 = -2*i + 5*n + 34. Calculate the greatest common factor of i and h.
12
Let o = 291 - 264. Suppose 202 = o*z - 365. Calculate the highest common factor of z and 672.
21
Let s = 351 + 177. Suppose 12*x + 12335 = 12731. Calculate the highest common factor of s and x.
33
Suppose -w - 3*w + 53 = 3*r, 93 = 4*w - 5*r. Suppose -4*f - 292 = 156. Let x be 121/7 + 32/f. What is the greatest common divisor of x and w?
17
Let o = -2671 + 2745. What is the greatest common factor of 4 and o?
2
Let n = 1764 - 1275. Calculate the greatest common factor of 2282 and n.
163
Let p = -146 - -170. Calculate the highest common factor of p and 1644.
12
Let p(g) = 4*g**2 + 21*g - 153. Let v be p(6). Suppose 3*x + 3*q - 51 = 0, -7*x + 2*x + v = -3*q. What is the greatest common factor of x and 154?
7
Let k = 23564 - 22948. Calculate the greatest common factor of 1624 and k.
56
Suppose -77 = -2*s - 3*n, -5*s + 5*n + 29 + 176 = 0. Let a be (3 - -1) + -1 + 137. What is the highest common divisor of s and a?
20
Let p = -212 + 224. Let l be (2 + -4)/((-3)/90). Calculate the greatest common divisor of l and p.
12
Let y(v) = -2*v + 34. Let k be y(16). Let w = 587 + -289. Suppose -44 - w = -k*s. Calculate the highest common factor of 19 and s.
19
Let i be 2/(-4) - (-290)/20. Suppose 154 = 25*f - i*f. Suppose -2*w + 3 = -1. What is the greatest common factor of f and w?
2
Let y(f) = -3*f**3 + 3*f**2 + f - 3. Let z be y(2). Let s(t) = 2*t**2 + 12*t - 22. Let q be s(z). Calculate the highest common factor of q and 5.
5
Let g = -3 + 129. Let v be 6/(96/(-52))*4. Let k = v + 27. Calculate the greatest common divisor of g and k.
14
Let k be ((-18)/4)/((-18)/36). Suppose 6*i = k*i - 36. Let b = -233 - -341. What is the greatest common divisor of i and b?
12
Let o be (-2)/(-1) + (-215)/(-5). Let l(y) = -8*y - 127. Let b be l(-16). Suppose -4*f + 35 = -b. What is the greatest common divisor of o and f?
9
Suppose -311*l = -309*l - 6. Suppose 5*r = 4*r + 1, 4*r - 4900 = -l*c. What is the highest common factor of c and 32?
32
Let v be -3 + (-92)/(-28) + 55022/287. Suppose -3*q + 91 = -5. Calculate the highest common factor of q and v.
32
Suppose n = 44 - 54. Let m(b) = -b**3 - 6*b**2 + 21*b - 19. Let k be m(n). Calculate the highest common divisor of 27 and k.
9
Let q = -15 + 57. Suppose -6*s = -0*s - q. Calculate the highest common divisor of s and 119.
7
Suppose -8 = 8*f - 24. Let i(b) = 116*b - 23. Let s be i(f). What is the greatest common divisor of 22 and s?
11
Suppose -r - 3*g = -3380, -946*g - 6800 = -2*r - 944*g. What is the highest common factor of 35 and r?
35
Let h be (6 + 54/(-21))*105. Let m = -330 + h. What is the highest common divisor of 120 and m?
30
Let s be 4*(3 - 0)/6. Suppose -3*c = x + 168, 0*c + s*c + 3*x + 119 = 0. Let t = c + 79. What is the highest common factor of 3 and t?
3
Let l = 153333 - 153095. Let a be (-17)/1*(-4)/1. Suppose 0*o = -2*o + a. What is the greatest common divisor of o and l?
34
Suppose 0 = -0*u + 6*u - 240. Let q = u - 24. Let i = 10 - -14. What is the highest common factor of q and i?
8
Suppose 0 = 2*v + 3*m - 0*m - 822, -m = 4*v - 1624. What is the highest common divisor of 324 and v?
81
Suppose 5*q - 4*q + 2874 = 2*p, 0 = 4*p - 3*q - 5746. Suppose 4*z - 310 = p. What is the greatest common factor of z and 19?
19
Suppose -3*x + 18 + 3 = -5*i, 3*i + 17 = 4*x. Let h(k) = 4*k**2 + 11*k - 25. Let v be h(x). Calculate the greatest common factor of v and 325.
13
Suppose 5*u - 1675 = -5*d, -5*d + 1339 = 4*u - 0*u. Let a = -77 + u. Suppose a + 361 = 5*b. Calculate the highest common factor of 31 and b.
31
Let h = -193 + 326. Suppose -11 = -8*g + h. What is the highest common divisor of g and 162?
18
Let b(r) = r**2 - 7*r + 11. Let t be b(6). Suppose 0 = t*f + 2 - 62. Let w be ((-72)/(-10))/((-3)/(-10)). Calculate the highest common divisor of w and f.
12
Let x(f) = 846*f - 4102. Let n be x(9). What is the highest common divisor of n and 8?
8
Suppose 3*n - 5*t - 137 - 118 = 0, -t = 4*n - 317. Let k(u) = -3511*u + 14084. Let q be k(4). What is the greatest common divisor of n and q?
40
Let w = 284 + -282. Suppose 15*i + w*u - 152 = 14*i, 0 = -i + 3*u + 162. Calculate the highest common factor of 36 and i.
12
Let c(v) = -v**2 + 8*v + 12. Let w be c(9). Suppose 3 = w*a, -12*g = -7*g - a - 2459. Calculate the highest common factor of g and 12.
12
Let n(z) = 2*z**2 + 6*z + 3. Let c be n(-4). Let r = 14 - c. Suppose 0 = -12*l + 315 - r. Calculate the highest common factor of l and 234.
26
Suppose x + 8342 = 2*c, 3*c - x - 15595 + 3084 = 0. What is the highest common factor of c and 11?
11
Let n be (-40)/16*(-12)/(-10). Let u be (n/4)/((-7)/252). What is the greatest common factor of u and 18?
9
Suppose 1176 = 19*y - 5*y. Suppose 28*j = 700 + y. Suppose -2*w + 2*n + 18 = 0, 4*w = -w + 3*n + 35. What is the greatest common divisor of j and w?
4
Suppose -25*x + 16*x + 246 = -6*x. Calculate the greatest common factor of x and 178.
2
Suppose 4*n + 5*h = 7 - 17, n = 5*h + 10. Let u be ((-12)/(-20) - (n - -1))*-480. Calculate the greatest common divisor of 24 and u.
24
Let u = -481 - -774. Suppose -u = 2*q - 59. Let k = q - -121. What is the greatest common factor of k and 4?
4
Suppose 244*v + 71*v + 172453 = 827653. Calculate the highest common factor of 390 and v.
130
Let d(w) = -w**2 + 3*w + 16. Suppose 0 = -18*b + 20*b - 10. Let u be d(b). Let r be 5 + 64/u - 2/3. What is the greatest common divisor of r and 15?
15
Suppose -12 - 6 = -3*y. Suppose -y*t + 8*t - 370 = 0. Let b(g) = 139*g - 621. Let r be b(5). What is the highest common divisor of t and r?
37
Let m be 135*(-21)/(-18)*2. Suppose -96 = -3*s + 9. What is the greatest common factor of s and m?
35
Suppose -284*p + 38841 = 79*p. Calculate the highest common factor of 7 and p.
1
Let x = 32944 + -31272. What is the highest common divisor of x and 440?
88
Let d = -253 + 264. Suppose 12*l - d*l = 30. Calculate the greatest common divisor of l and 35.
5
Let j(c) = c**2 + 13*c + 21. Let m be j(-10). Let h be (-4 - m)*(-7 + 8). Let u be -5*(0 - (0 - -1)). What is the highest common factor of h and u?
5
Let w = 53 - 49. Suppose -507 = -w*x + 3*f, -4*x + 369 = 4*f - 131. Calculate the highest common factor of 56 and x.
14
Let w be (-1)/(-2) + (9 - (-110)/20). Let c be w*1 - (19 - 25). Calculate the greatest common factor of 12 and c.
3
Suppose 0 = 4*c - 8, -29*c - 497 = -3*f - 24*c. Suppose 9*s - 1 = 116. What is the greatest common divisor of f and s?
13
Suppose g = 2*s - 59, 2*s - 26*g + 31*g - 77 = 0. Calculate the highest common divisor of 